
{"id":161,"date":"2020-01-24T10:22:26","date_gmt":"2020-01-24T10:22:26","guid":{"rendered":"http:\/\/128.131.86.19\/?page_id=161"},"modified":"2020-01-24T10:22:26","modified_gmt":"2020-01-24T10:22:26","slug":"mathmod-2015-organisation","status":"publish","type":"page","link":"https:\/\/www.mathmod.at\/index.php\/previous-mathmods\/mathmod-2015\/mathmod-2015-organisation\/","title":{"rendered":"MATHMOD 2015 Organisation"},"content":{"rendered":"\n<p><strong>Organizers and Conference Host<\/strong><\/p>\n\n\n\n<p>Vienna University of Technology<\/p>\n\n\n\n<ul class=\"wp-block-list\"><li>Institute for Analysis and Scientific Computing, Mathematical Modelling and Simulation (ASC\/MMS)<\/li><li>Automation and Control Institute (ACIN)<\/li><\/ul>\n\n\n\n<p><strong>Programme\/Conference Chair:<\/strong> Felix Breitenecker, Andreas Kugi, Inge Troch<\/p>\n\n\n\n<p><strong>National Organizing Commitee:<\/strong> Andreas K\u00f6rner, Wolfgang Kemmetm\u00fcller<\/p>\n\n\n\n<p><strong>Conference Staff:<\/strong> Martin Bachler, Brigitte Ecker, \nNicole Nagele, Tamara Vobruba, Wolfgang Wild, Stefanie Winkler (Vienna \nUniversity of Technology), Daniela Filzwieser (Austropa) <\/p>\n\n\n\n<p><strong>Conference Assistants:<\/strong> Andreas Bauer, Martin Bicher,\n Daniela Brunnmeir, Anne Frank, Irene Hafner, Stefan Hagmair, Hanna \nHuber, Georg Janisch, Miriam Leopoldseder, Stefanie Parragh, Carina \nP\u00f6ll, Franz Josef Preyser, Matthias R\u00f6\u00dfler, E. Schiessler, Johannes \nTanzler, Claudia Wytrzens (Vienna University of Technology) <\/p>\n","protected":false},"excerpt":{"rendered":"<p>Organizers and Conference Host Vienna University of Technology Institute for Analysis and Scientific Computing, Mathematical Modelling and Simulation (ASC\/MMS) Automation and Control Institute (ACIN) Programme\/Conference Chair: Felix Breitenecker, Andreas Kugi, Inge Troch National Organizing Commitee: Andreas K\u00f6rner, Wolfgang Kemmetm\u00fcller Conference Staff: Martin Bachler, Brigitte Ecker, Nicole Nagele, Tamara Vobruba, Wolfgang Wild, Stefanie Winkler (Vienna University &hellip; <a href=\"https:\/\/www.mathmod.at\/index.php\/previous-mathmods\/mathmod-2015\/mathmod-2015-organisation\/\" class=\"more-link\">Continue reading <span class=\"screen-reader-text\">MATHMOD 2015 Organisation<\/span> <span class=\"meta-nav\">&rarr;<\/span><\/a><\/p>\n","protected":false},"author":3,"featured_media":0,"parent":146,"menu_order":0,"comment_status":"closed","ping_status":"closed","template":"","meta":{"ngg_post_thumbnail":0,"footnotes":""},"class_list":["post-161","page","type-page","status-publish","hentry"],"_links":{"self":[{"href":"https:\/\/www.mathmod.at\/index.php\/wp-json\/wp\/v2\/pages\/161","targetHints":{"allow":["GET"]}}],"collection":[{"href":"https:\/\/www.mathmod.at\/index.php\/wp-json\/wp\/v2\/pages"}],"about":[{"href":"https:\/\/www.mathmod.at\/index.php\/wp-json\/wp\/v2\/types\/page"}],"author":[{"embeddable":true,"href":"https:\/\/www.mathmod.at\/index.php\/wp-json\/wp\/v2\/users\/3"}],"replies":[{"embeddable":true,"href":"https:\/\/www.mathmod.at\/index.php\/wp-json\/wp\/v2\/comments?post=161"}],"version-history":[{"count":1,"href":"https:\/\/www.mathmod.at\/index.php\/wp-json\/wp\/v2\/pages\/161\/revisions"}],"predecessor-version":[{"id":162,"href":"https:\/\/www.mathmod.at\/index.php\/wp-json\/wp\/v2\/pages\/161\/revisions\/162"}],"up":[{"embeddable":true,"href":"https:\/\/www.mathmod.at\/index.php\/wp-json\/wp\/v2\/pages\/146"}],"wp:attachment":[{"href":"https:\/\/www.mathmod.at\/index.php\/wp-json\/wp\/v2\/media?parent=161"}],"curies":[{"name":"wp","href":"https:\/\/api.w.org\/{rel}","templated":true}]}}